True
Is 1794 a multiple of 69?
True
Does 27 divide 54?
True
Does 37 divide 14985?
True
Is 5 a factor of 350?
True
Is 385 a multiple of 4?
False
Does 198 divide 3960?
True
Does 43 divide 3839?
False
Is 16 a factor of 33280?
True
Is 9 a factor of 475?
False
Does 20 divide 6898?
False
Is 7859 a multiple of 99?
False
Is 14 a factor of 42?
True
Is 27 a factor of 27?
True
Does 146 divide 545?
False
Is 92 a factor of 21252?
True
Is 5 a factor of 3300?
True
Does 3 divide 210?
True
Is 975 a multiple of 13?
True
Does 26 divide 27248?
True
Is 6 a factor of 840?
True
Is 19 a factor of 558?
False
Does 29 divide 1972?
True
Is 209 a factor of 30514?
True
Is 7852 a multiple of 12?
False
Is 4664 a multiple of 7?
False
Is 137 a factor of 47262?
False
Does 57 divide 5829?
False
Is 6681 a multiple of 131?
True
Is 119 a multiple of 34?
False
Does 22 divide 275?
False
Is 4281 a multiple of 7?
False
Does 15 divide 60400?
False
Is 6830 a multiple of 4?
False
Is 553 a multiple of 20?
False
Does 63 divide 2608?
False
Is 844 a multiple of 24?
False
Is 1365 a multiple of 65?
True
Is 2 a factor of 18?
True
Does 67 divide 201?
True
Is 17243 a multiple of 79?
False
Is 378 a multiple of 2?
True
Is 5 a factor of 2565?
True
Is 153 a multiple of 12?
False
Is 28584 a multiple of 18?
True
Is 30294 a multiple of 81?
True
Is 69 a multiple of 69?
True
Is 1241 a multiple of 17?
True
Does 29 divide 1340?
False
Is 199 a multiple of 25?
False
Is 5886 a multiple of 215?
False
Is 16 a factor of 368?
True
Is 17 a factor of 617?
False
Is 403 a multiple of 7?
False
Is 1252 a multiple of 5?
False
Is 63 a factor of 19719?
True
Does 3 divide 2901?
True
Is 33041 a multiple of 19?
True
Is 135 a factor of 42662?
False
Is 539 a multiple of 77?
True
Does 8 divide 137?
False
Is 11 a factor of 1947?
True
Is 156 a factor of 9672?
True
Is 8 a factor of 305?
False
Is 785 a multiple of 2?
False
Is 988 a multiple of 19?
True
Does 24 divide 1056?
True
Is 12 a factor of 4752?
True
Is 23 a factor of 2438?
True
Is 42 a factor of 1420?
False
Does 77 divide 545?
False
Is 14 a factor of 3388?
True
Does 14 divide 812?
True
Is 45 a factor of 1407?
False
Is 82 a factor of 21238?
True
Is 9 a factor of 2835?
True
Is 24 a multiple of 9?
False
Is 5481 a multiple of 189?
True
Does 93 divide 10602?
True
Is 3484 a multiple of 13?
True
Does 27 divide 2214?
True
Is 46 a factor of 1242?
True
Is 102178 a multiple of 18?
False
Does 14 divide 14672?
True
Is 6525 a multiple of 75?
True
Is 1189 a multiple of 39?
False
Is 138 a factor of 5992?
False
Is 46 a multiple of 23?
True
Is 32 a factor of 39744?
True
Is 13 a factor of 486?
False
Is 167 a factor of 17702?
True
Is 13 a factor of 2192?
False
Is 5 a factor of 6645?
True
Is 12 a factor of 201?
False
Is 36 a factor of 7704?
True
Does 19 divide 10453?
False
Is 13 a factor of 180?
False
Does 64 divide 576?
True
Does 52 divide 6916?
True
Is 3580 a multiple of 107?
False
Does 29 divide 17284?
True
Does 19 divide 5669?
False
Is 26 a factor of 2938?
True
Is 33353 a multiple of 17?
False
Is 8755 a multiple of 103?
True
Is 2944 even?
True
Is 40 a factor of 840?
True
Is 151 a factor of 104284?
False
Is 4 a factor of 726?
False
Is 6 a factor of 29646?
True
Is 30589 a multiple of 160?
False
Does 18 divide 108?
True
Does 4 divide 360?
True
Is 780 a multiple of 8?
False
Is 5 a factor of 778?
False
Is 1594 a multiple of 11?
False
Does 145 divide 7076?
False
Does 28 divide 3659?
False
Is 8 a factor of 35980?
False
Is 18 a factor of 702?
True
Is 2 a factor of 105?
False
Does 28 divide 1133?
False
Is 37 a factor of 1998?
True
Is 17696 a multiple of 7?
True
Does 23 divide 644?
True
Is 64 a factor of 19392?
True
Is 19 a factor of 6070?
False
Does 27 divide 4233?
False
Is 9015 a multiple of 15?
True
Does 51 divide 765?
True
Is 49 a factor of 5586?
True
Does 11 divide 2618?
True
Is 28439 a multiple of 18?
False
Does 16 divide 11961?
False
Is 74 a factor of 35730?
False
Is 15 a factor of 383?
False
Is 81 a factor of 25176?
False
Is 27 a factor of 7290?
True
Is 37 a factor of 1092?
False
Is 4142 a multiple of 8?
False
Does 77 divide 2015?
False
Is 28 a factor of 364?
True
Is 3566 a multiple of 32?
False
Does 19 divide 2375?
True
Does 15 divide 3930?
True
Is 13283 a multiple of 21?
False
Is 8 a factor of 1608?
True
Does 13 divide 650?
True
Does 5 divide 3855?
True
Is 849 a multiple of 10?
False
Does 31 divide 10354?
True
Is 213 a multiple of 2?
False
Is 2040 a multiple of 36?
False
Is 2034 a multiple of 23?
False
Is 5 a factor of 2682?
False
Is 39 a factor of 78?
True
Is 1817 a multiple of 81?
False
Is 21 a factor of 8425?
False
Is 21 a factor of 399?
True
Is 160 a factor of 1439?
False
Does 64 divide 832?
True
Is 6 a factor of 876?
True
Is 38 a factor of 2242?
True
Is 33 a factor of 40491?
True
Does 64 divide 29848?
False
Is 55318 a multiple of 79?
False
Is 27 a factor of 711?
False
Is 72584 a multiple of 37?
False
Does 222 divide 45062?
False
Does 10 divide 725?
False
Does 18 divide 1674?
True
Does 2 divide 491?
False
Is 4473 a multiple of 21?
True
Is 20 a factor of 163720?
True
Does 22 divide 1452?
True
Is 38 a factor of 18924?
True
Does 8 divide 22312?
True
Is 46048 a multiple of 16?
True
Is 2604 a multiple of 42?
True
Does 9 divide 7330?
False
Is 88 a factor of 528?
True
Is 1802 a multiple of 17?
True
Is 106 a factor of 6557?
False
Is 108 a multiple of 25?
False
Is 2406 a multiple of 23?
False
Does 8 divide 1858?
False
Is 25276 a multiple of 88?
False
Does 54 divide 53352?
True
Is 42 a factor of 53276?
False
Is 74 a factor of 3421?
False
Does 6 divide 1044?
True
Does 89 divide 4895?
True
Is 5947 a multiple of 51?
False
Does 10 divide 13933?
False
Is 53 a factor of 281?
False
Does 51 divide 765?
True
Is 80 a factor of 1680?
True
Is 157042 a multiple of 13?
False
Is 43 a factor of 64?
False
Does 135 divide 405?
True
Is 10 a factor of 490?
True
Does 26 divide 2366?
True
Does 43 divide 3053?
True
Is 1981 a multiple of 2?
False
Does 52 divide 10192?
True
Is 90168 a multiple of 156?
True
Is 2 a factor of 822?
True
Is 37 a factor of 1480?
True
Is 128 a factor of 2286?
False
Is 70 a factor of 678?
False
Is 2135 even?
False
Is 3671 a multiple of 14?
False
Is 93975 a multiple of 79?
False
Is 37 a factor of 45152?
False
Is 4293 a multiple of 38?
False
Is 235 a multiple of 2?
False
Is 23 a factor of 25231?
True
Does 23 divide 2792?
False
Is 91 a factor of 58790?
False
Is 24 a factor of 576?
True
Is 3 a factor of 58?
False
Is 2436 a multiple of 6?
True
Is 16 a factor of 17872?
True
Does 81 divide 8446?
False
Is 104 a factor of 12168?
True
Does 7 divide 18403?
True
Is 2880 a multiple of 88?
False
Is 1776 a multiple of 13?
False
Is 42 a factor of 3444?
True
Is 146 a multiple of 10?
False
Is 10 a factor of 1706?
False
Is 71 a multiple of 13?
False
Does 29 divide 2514?
False
Is 3912 even?
True
Does 13 divide 1794?
True
Is 993 a multiple of 38?
False
Does 23 divide 123448?
False
Is 1240 a multiple of 31?
True
Does 26 divide 389?
False
Is 205 a multiple of 41?
True
Is 14 a factor of 287?
False
Is 8 a factor of 6672?
True
Is 151 a factor of 10268?
True
Is 8100 a multiple of 27?
True
Is 427 a multiple of 25?
False
Does 84 divide 32676?
True
Is 15043 a multiple of 18?
False
Is 3673 a multiple of 10?
False
Is 20 a factor of 8940?
True
Does 17 divide 226?
False
Is 84 a factor of 336?
True
Is 6 a factor of 2811?
False
Is 12039 a multiple of 13?
False
Is 8628 a multiple of 12?
True
Is 160 a multiple of 40?
True
Is 1464 a multiple of 36?
False
Does 12 divide 3696?
True
Is 35460 a multiple of 6?
True
Is 6682 a multiple of 26?
True
Does 16 divide 336?
True
Is 24 a factor of 1175?
False
Does 106 divide 34662?
True
Is 6 a factor of 2088?
True
Is 133416 a multiple of 12?
True
Does 172 divide 19780?
True
Does 223 divide 19181?
False
Is 17920 a multiple of 160?
True
Is 3 a factor of 1215?
True
Does 147 divide 5214?
False
Does 295 divide 1719?
False
Does 3 divide 251?
False
Is 2149 a multiple of 6?
False
Is 126 a multiple of 14?
True
Does 314 divide 11214?
False
Is 312 a multiple of 52?
True
Does 3 divide 187?
False
Does 10 divide 2790?
True
Does 35 divide 2020?
False
Is 10 a factor of 1007?
False
Is 960 a multiple of 10?
True
Is 46 a factor of 15318?
True
Is 8 a factor of 2283?
False
Is 23545 a multiple of 59?
False
Does 31 div